{"id":175,"date":"2015-10-12T08:22:11","date_gmt":"2015-10-12T08:22:11","guid":{"rendered":"https:\/\/sdc.spseplzen.cz\/?page_id=175"},"modified":"2023-01-05T10:14:22","modified_gmt":"2023-01-05T10:14:22","slug":"kurzy-pro-verejnost","status":"publish","type":"page","link":"https:\/\/sdc.spseplzen.cz\/index.php\/kurzy\/kurzy-pro-verejnost\/","title":{"rendered":"Centrum dal\u0161\u00edho vzd\u011bl\u00e1v\u00e1n\u00ed &#8211; str\u00e1nka se upravuje"},"content":{"rendered":"","protected":false},"excerpt":{"rendered":"","protected":false},"author":1,"featured_media":0,"parent":169,"menu_order":0,"comment_status":"closed","ping_status":"closed","template":"","meta":{"footnotes":""},"class_list":["post-175","page","type-page","status-publish","hentry"],"_links":{"self":[{"href":"https:\/\/sdc.spseplzen.cz\/index.php\/wp-json\/wp\/v2\/pages\/175","targetHints":{"allow":["GET"]}}],"collection":[{"href":"https:\/\/sdc.spseplzen.cz\/index.php\/wp-json\/wp\/v2\/pages"}],"about":[{"href":"https:\/\/sdc.spseplzen.cz\/index.php\/wp-json\/wp\/v2\/types\/page"}],"author":[{"embeddable":true,"href":"https:\/\/sdc.spseplzen.cz\/index.php\/wp-json\/wp\/v2\/users\/1"}],"replies":[{"embeddable":true,"href":"https:\/\/sdc.spseplzen.cz\/index.php\/wp-json\/wp\/v2\/comments?post=175"}],"version-history":[{"count":44,"href":"https:\/\/sdc.spseplzen.cz\/index.php\/wp-json\/wp\/v2\/pages\/175\/revisions"}],"predecessor-version":[{"id":1014,"href":"https:\/\/sdc.spseplzen.cz\/index.php\/wp-json\/wp\/v2\/pages\/175\/revisions\/1014"}],"up":[{"embeddable":true,"href":"https:\/\/sdc.spseplzen.cz\/index.php\/wp-json\/wp\/v2\/pages\/169"}],"wp:attachment":[{"href":"https:\/\/sdc.spseplzen.cz\/index.php\/wp-json\/wp\/v2\/media?parent=175"}],"curies":[{"name":"wp","href":"https:\/\/api.w.org\/{rel}","templated":true}]}}

Centrum dalšího vzdělávání &#8211; stránka se upravuje
